{"id":45,"date":"2022-11-15T11:01:55","date_gmt":"2022-11-15T11:01:55","guid":{"rendered":"https:\/\/huizepie.nl\/?page_id=45"},"modified":"2025-10-24T11:16:25","modified_gmt":"2025-10-24T11:16:25","slug":"vacature","status":"publish","type":"page","link":"https:\/\/huizepie.nl\/?page_id=45","title":{"rendered":"Vacature"},"content":{"rendered":"\n<div class=\"wp-block-media-text is-stacked-on-mobile is-vertically-aligned-top\" style=\"grid-template-columns:15% auto\"><figure class=\"wp-block-media-text__media\"><img loading=\"lazy\" decoding=\"async\" width=\"715\" height=\"715\" src=\"https:\/\/huizepie.nl\/wp-content\/uploads\/2023\/10\/2logo.jpg\" alt=\"\" class=\"wp-image-610 size-full\" srcset=\"https:\/\/huizepie.nl\/wp-content\/uploads\/2023\/10\/2logo.jpg 715w, https:\/\/huizepie.nl\/wp-content\/uploads\/2023\/10\/2logo-300x300.jpg 300w, https:\/\/huizepie.nl\/wp-content\/uploads\/2023\/10\/2logo-150x150.jpg 150w, https:\/\/huizepie.nl\/wp-content\/uploads\/2023\/10\/2logo-270x270.jpg 270w\" sizes=\"auto, (max-width: 715px) 100vw, 715px\" \/><\/figure><div class=\"wp-block-media-text__content\">\n<p><\/p>\n\n\n\n<p><\/p>\n\n\n\n<h2 class=\"wp-block-heading\"><strong>Vacature Persoonlijk Begeleider (18-24 uur) \u2013 Zorg met plezier bij Huize Pie&nbsp;<\/strong><\/h2>\n\n\n\n<p>\ud83d\udccd <em>Kerkrade | Per direct | Kleinschalige woonvorm | E\u00e9n-op-\u00e9\u00e9n begeleiding<\/em><\/p>\n\n\n\n<p>Ben jij die warme, betrokken \u00e9n creatieve persoonlijk begeleider die \u00e9cht het verschil wil maken? Word jij blij van persoonlijke aandacht, ontwikkelen op maat \u00e9n samen plezier maken? Dan hebben wij bij Huize Pie een unieke plek voor jou!<\/p>\n\n\n\n<p><strong>Huize Pie \u2013 Zorg met plezier<\/strong><br>Huize Pie is een kleinschalige, sfeervolle behandelgroep voor jongeren met een ernstige verstandelijke beperking. We bieden een volledig dagprogramma van A tot Z, afgestemd op de individuele mogelijkheden, interesses en doelen van iedere jongere. Onze zorg is bijna \u00e9\u00e9n-op-\u00e9\u00e9n, intensief en persoonlijk \u2013 waarbij ontwikkeling, plezier, vertrouwen en veiligheid centraal staan.<\/p>\n\n\n\n<p>Elke ochtend tussen 8.00 en 9.00 uur worden onze jongeren gebracht door ouders. Op maandag, dinsdag, donderdag en vrijdag gaan ze tussen 15.30 en 16.30 uur weer naar huis. Op woensdag blijven ze langer en genieten we samen van een warme maaltijd van \u2018oma\u2019. Twee keer per maand organiseren we een logeerweekend van vrijdagochtend tot maandagochtend.<\/p>\n\n\n\n<p>Een dag bij Huize Pie is nooit hetzelfde. We werken met een klein, betrokken team aan een gevarieerd dagprogramma vol persoonlijke doelen en ontwikkeling. De begeleiding is intensief, afgestemd op de unieke behoeften, mogelijkheden en talenten van ieder kind.<\/p>\n\n\n\n<p>Naast vaste begeleiders werken we samen met verschillende therapeuten: een logopedist, fysiotherapeut, spel- en muziektherapeut, en ergotherapeut. Samen cre\u00ebren we een omgeving waarin zorg, leren, plezier en samen centraal staan. Activiteiten zijn heel divers: cognitieve training, werkjes maken, knutselen, tanden poetsen, boodschappen doen, maar ook uitstapjes naar GaiaZOO, de markt, SnowWorld, of paardrijden met Sophie. Binnen al deze momenten werken we spelenderwijs aan zelfstandigheid, communicatie, motoriek en zelfvertrouwen.<\/p>\n\n\n\n<p><strong>Wat ga je doen?<\/strong><\/p>\n\n\n\n<p>Als Persoonlijk Begeleider bij Huize Pie ben jij er echt voor onze jongeren. Je begeleidt hen vanuit vertrouwen, aandacht en betrokkenheid. Je werkt aan:<\/p>\n\n\n\n<ul class=\"wp-block-list\">\n<li>het opstellen en uitvoeren van individuele dagprogramma\u2019s;<\/li>\n\n\n\n<li>het begeleiden bij persoonlijke verzorging, activiteiten en doelen;<\/li>\n\n\n\n<li>het stimuleren van zelfstandigheid en sociale vaardigheden;<\/li>\n\n\n\n<li>het onderhouden van contact met ouders\/verzorgers en therapeuten;<\/li>\n\n\n\n<li>het bijdragen aan een liefdevolle, veilige en inspirerende sfeer in huis.<\/li>\n<\/ul>\n\n\n\n<p>Je werkt nauw samen met collega\u2019s en therapeuten, maar ook zelfstandig. Je neemt initiatief, denkt creatief en kunt flexibel omgaan met veranderingen gedurende de dag. Want, zoals we zeggen: <strong>een dag bij Huize Pie is nooit hetzelfde.<\/strong><\/p>\n\n\n\n<p><strong>Jij bent onze nieuwe collega als jij:<\/strong><\/p>\n\n\n\n<ul class=\"wp-block-list\">\n<li>Relevante afgeronde MBO-opleiding (MBO-4) of HBO (bijv. pedagogiek, social work, verpleegkunde)<\/li>\n\n\n\n<li>Stevige, open en betrokken houding; je pakt initiatief en denkt creatief mee<\/li>\n\n\n\n<li><strong>Rijbewijs B en eigen vervoer<\/strong><\/li>\n\n\n\n<li><strong>Bereidheid om 1\u20132 logeerweekenden per maand<\/strong>\u00a0te draaien (gem. 24-uurs dienst)<\/li>\n\n\n\n<li>Flexibel inzetbaar bent (weekenden, slaapdiensten) en wil werken volgens een redelijk vast basisrooster.<\/li>\n\n\n\n<li>Je voor langere tijd wilt verbinden aan onze jongeren.<\/li>\n<\/ul>\n\n\n\n<p><strong>Wat bieden wij jou?<\/strong><\/p>\n\n\n\n<ul class=\"wp-block-list\">\n<li><strong>Jaarcontract 18\u201324 uur<\/strong>\u00a0met uitzicht op vast (uren in overleg)<\/li>\n\n\n\n<li><strong>Salaris conform CAO Gehandicaptenzorg: \u20ac2.291 \u2013 \u20ac3.564 p\/m (36u)<\/strong>, afhankelijk van opleiding\/ervaring\/functieniveau.<\/li>\n\n\n\n<li><strong>8% vakantietoeslag<\/strong>\u00a0en\u00a0<strong>eindejaarsuitkering<\/strong><\/li>\n\n\n\n<li><strong>Pensioen<\/strong>\u00a0via Pensioenfonds Zorg &amp; Welzijn<\/li>\n\n\n\n<li><strong>Reiskostenvergoeding<\/strong>\u00a0en\u00a0<strong>ORT-vergoeding<\/strong><\/li>\n\n\n\n<li>Intervisie, supervisie en bijscholingen<\/li>\n\n\n\n<li>Werktijden vooral\u00a0tussen <strong>08.00\u201316.30 u<\/strong>\u00a0(m.u.v. naschoolse opvang &amp; logeerweekenden)<\/li>\n\n\n\n<li>Ervaren, leuke collega\u2019s in een\u00a0<strong>kleine, gezellige organisatie<\/strong>\u00a0met korte lijnen<\/li>\n\n\n\n<li>Bovenal: een plek waar je\u00a0<strong>\u00e9cht van betekenis<\/strong>\u00a0bent<\/li>\n<\/ul>\n\n\n\n<p><strong>Solliciteren?<\/strong><\/p>\n\n\n\n<p>Zie jij jezelf al helemaal bij Huize Pie werken? Laat dan van je horen!<br>Stuur je CV en motivatie naar: <a href=\"mailto:vacature@huizepie.nl\">vacature@huizepie.nl<\/a><\/p>\n\n\n\n<p>Voor meer informatie kun je contact opnemen met Denise Meentz 0622763400 of Katja Bosten 0621507572<\/p>\n\n\n\n<p>www.huizepie.nl<\/p>\n\n\n\n<p><strong>We kijken ernaar uit om je te ontmoeten. Tot snel bij Huize Pie!<\/strong> <\/p>\n\n\n\n<hr class=\"wp-block-separator has-alpha-channel-opacity\"\/>\n\n\n\n<h3 class=\"wp-block-heading\"><strong>Vacature Weekend- en Vakantiehulp (bijbaan of parttime)<\/strong><\/h3>\n\n\n\n<p><strong>Locatie: Kerkrade | Uren in overleg | Kleinschalige zorg | E\u00e9n-op-\u00e9\u00e9n begeleiding<\/strong><\/p>\n\n\n\n<p><strong>Huize Pie \u2013 Zorg met plezier<\/strong><br>Huize Pie is een warme en huiselijke behandelgroep in Kerkrade voor kinderen en jongeren met een ernstige verstandelijke beperking. Wij bieden intensieve \u00e9\u00e9n-op-\u00e9\u00e9n begeleiding, waarin zorg, plezier, leren en samen centraal staan.<\/p>\n\n\n\n<p>Voor in de weekenden, vakanties \u00e9n logeerweekenden zijn wij op zoek naar een enthousiaste, zorgzame en flexibele collega die het leuk vindt om met onze jongeren te werken.<\/p>\n\n\n\n<hr class=\"wp-block-separator has-alpha-channel-opacity\"\/>\n\n\n\n<h3 class=\"wp-block-heading\">Wat ga je doen?<\/h3>\n\n\n\n<p>Als weekend- en vakantiekracht ondersteun je in de persoonlijke begeleiding van onze jongeren. Je helpt bij de dagelijkse zorg, activiteiten en zorgt samen met het team voor een veilige en fijne sfeer. Je biedt structuur en denkt creatief mee in het dagprogramma, waarbij plezier en individuele aandacht voorop staan.<\/p>\n\n\n\n<hr class=\"wp-block-separator has-alpha-channel-opacity\"\/>\n\n\n\n<h3 class=\"wp-block-heading\">Wie zoeken wij?<\/h3>\n\n\n\n<ul class=\"wp-block-list\">\n<li>Je volgt een opleiding in de richting van zorg, pedagogiek of social work (minimaal mbo-3).<\/li>\n\n\n\n<li>Je hebt affiniteit met jongeren met een verstandelijke beperking.<\/li>\n\n\n\n<li>Je bent enthousiast, flexibel en betrouwbaar.<\/li>\n\n\n\n<li>Je staat stevig in je schoenen en hebt een open houding.<\/li>\n\n\n\n<li>Je bent beschikbaar in weekenden, vakanties en\/of tijdens logeerweekenden.<\/li>\n\n\n\n<li>Je hebt bij voorkeur een rijbewijs en eigen vervoer.<\/li>\n<\/ul>\n\n\n\n<hr class=\"wp-block-separator has-alpha-channel-opacity\"\/>\n\n\n\n<h3 class=\"wp-block-heading\">Wat bieden wij?<\/h3>\n\n\n\n<ul class=\"wp-block-list\">\n<li>Een waardevolle en leerzame bijbaan of parttimebaan in de zorg.<\/li>\n\n\n\n<li>Een betrokken team dat je goed begeleidt.<\/li>\n\n\n\n<li>Ruimte om ervaring op te doen met intensieve begeleiding.<\/li>\n\n\n\n<li>Flexibele uren, passend bij jouw studie of priv\u00e9leven.<\/li>\n\n\n\n<li>Een passende vergoeding conform CAO Gehandicaptenzorg.<\/li>\n<\/ul>\n\n\n\n<hr class=\"wp-block-separator has-alpha-channel-opacity\"\/>\n\n\n\n<h3 class=\"wp-block-heading\">Interesse?<\/h3>\n\n\n\n<p>Wil jij werk doen dat \u00e9cht iets betekent?<br>Stuur dan je CV en korte motivatie naar&nbsp;vacature@huizepie.nl, voor vragen kun je contact opnemen met Denise 0622763400 of Katja 0621507572.<\/p>\n\n\n\n<p>We maken graag kennis met je.<\/p>\n\n\n\n<p><strong>Huize Pie \u2013 Zorg met plezier<\/strong><\/p>\n<\/div><\/div>\n\n\n\n<figure class=\"wp-block-pullquote\"><blockquote><p><br>\u00b4Zorg dat je elke dag iets doet waar je trots op kunt zijn..\u00b4<\/p><cite>Believe<\/cite><\/blockquote><\/figure>\n\n\n\n<h3 class=\"wp-block-heading\"><\/h3>\n","protected":false},"excerpt":{"rendered":"<p>\u00b4Zorg dat je elke dag iets doet waar je trots op kunt zijn..\u00b4 Believe<\/p>\n","protected":false},"author":1,"featured_media":0,"parent":0,"menu_order":0,"comment_status":"closed","ping_status":"closed","template":"","meta":{"footnotes":""},"class_list":["post-45","page","type-page","status-publish","hentry"],"_links":{"self":[{"href":"https:\/\/huizepie.nl\/index.php?rest_route=\/wp\/v2\/pages\/45","targetHints":{"allow":["GET"]}}],"collection":[{"href":"https:\/\/huizepie.nl\/index.php?rest_route=\/wp\/v2\/pages"}],"about":[{"href":"https:\/\/huizepie.nl\/index.php?rest_route=\/wp\/v2\/types\/page"}],"author":[{"embeddable":true,"href":"https:\/\/huizepie.nl\/index.php?rest_route=\/wp\/v2\/users\/1"}],"replies":[{"embeddable":true,"href":"https:\/\/huizepie.nl\/index.php?rest_route=%2Fwp%2Fv2%2Fcomments&post=45"}],"version-history":[{"count":27,"href":"https:\/\/huizepie.nl\/index.php?rest_route=\/wp\/v2\/pages\/45\/revisions"}],"predecessor-version":[{"id":697,"href":"https:\/\/huizepie.nl\/index.php?rest_route=\/wp\/v2\/pages\/45\/revisions\/697"}],"wp:attachment":[{"href":"https:\/\/huizepie.nl\/index.php?rest_route=%2Fwp%2Fv2%2Fmedia&parent=45"}],"curies":[{"name":"wp","href":"https:\/\/api.w.org\/{rel}","templated":true}]}}